{"id":96,"date":"2020-01-21T13:40:52","date_gmt":"2020-01-21T12:40:52","guid":{"rendered":"http:\/\/et2020.dii.univpm.it\/?page_id=96"},"modified":"2022-06-08T11:17:29","modified_gmt":"2022-06-08T09:17:29","slug":"comitato-organizzatore-2","status":"publish","type":"page","link":"https:\/\/et2022.dii.univpm.it\/index.php\/comitato-organizzatore-2\/","title":{"rendered":"Comitato Organizzatore"},"content":{"rendered":"\n<ul class=\"wp-block-list\"><li><strong>Prof. Stefano Squartini,<\/strong> Universit\u00e0 Politecnica delle Marche, Ancona<\/li><li><strong>Prof.ssa Stefania Cecchi, <\/strong>Universit\u00e0 Politecnica delle Marche, Ancona<\/li><li><strong>Prof. Emanuele Principi,<\/strong> Universit\u00e0 Politecnica delle Marche, Ancona<\/li><\/ul>\n\n\n\n<hr class=\"wp-block-separator\"\/>\n\n\n\n<p><\/p>\n\n\n\n<div class=\"wp-block-image\"><figure class=\"aligncenter size-large is-resized\"><img loading=\"lazy\" decoding=\"async\" src=\"https:\/\/et2022.dii.univpm.it\/wp-content\/uploads\/2022\/06\/logoBetaEventi-1024x643.png\" alt=\"\" class=\"wp-image-659\" width=\"273\" height=\"171\" srcset=\"https:\/\/et2022.dii.univpm.it\/wp-content\/uploads\/2022\/06\/logoBetaEventi-1024x643.png 1024w, https:\/\/et2022.dii.univpm.it\/wp-content\/uploads\/2022\/06\/logoBetaEventi-300x189.png 300w, https:\/\/et2022.dii.univpm.it\/wp-content\/uploads\/2022\/06\/logoBetaEventi-768x483.png 768w, https:\/\/et2022.dii.univpm.it\/wp-content\/uploads\/2022\/06\/logoBetaEventi-480x300.png 480w, https:\/\/et2022.dii.univpm.it\/wp-content\/uploads\/2022\/06\/logoBetaEventi-640x400.png 640w, https:\/\/et2022.dii.univpm.it\/wp-content\/uploads\/2022\/06\/logoBetaEventi.png 1246w\" sizes=\"auto, (max-width: 273px) 100vw, 273px\" \/><\/figure><\/div>\n","protected":false},"excerpt":{"rendered":"<p>Prof. Stefano Squartini, Universit\u00e0 Politecnica delle Marche, Ancona Prof.ssa Stefania Cecchi, Universit\u00e0 Politecnica delle Marche, Ancona Prof. Emanuele Principi, Universit\u00e0 Politecnica delle Marche, Ancona<\/p>\n","protected":false},"author":1,"featured_media":0,"parent":0,"menu_order":0,"comment_status":"closed","ping_status":"closed","template":"","meta":{"footnotes":""},"class_list":["post-96","page","type-page","status-publish","hentry"],"_links":{"self":[{"href":"https:\/\/et2022.dii.univpm.it\/index.php\/wp-json\/wp\/v2\/pages\/96","targetHints":{"allow":["GET"]}}],"collection":[{"href":"https:\/\/et2022.dii.univpm.it\/index.php\/wp-json\/wp\/v2\/pages"}],"about":[{"href":"https:\/\/et2022.dii.univpm.it\/index.php\/wp-json\/wp\/v2\/types\/page"}],"author":[{"embeddable":true,"href":"https:\/\/et2022.dii.univpm.it\/index.php\/wp-json\/wp\/v2\/users\/1"}],"replies":[{"embeddable":true,"href":"https:\/\/et2022.dii.univpm.it\/index.php\/wp-json\/wp\/v2\/comments?post=96"}],"version-history":[{"count":8,"href":"https:\/\/et2022.dii.univpm.it\/index.php\/wp-json\/wp\/v2\/pages\/96\/revisions"}],"predecessor-version":[{"id":664,"href":"https:\/\/et2022.dii.univpm.it\/index.php\/wp-json\/wp\/v2\/pages\/96\/revisions\/664"}],"wp:attachment":[{"href":"https:\/\/et2022.dii.univpm.it\/index.php\/wp-json\/wp\/v2\/media?parent=96"}],"curies":[{"name":"wp","href":"https:\/\/api.w.org\/{rel}","templated":true}]}}